 - c**2 - 12 - 3. Determine s(o).
4
Let n(q) be the first derivative of q**2/2 - 2*q + 5. Suppose m = 4*w + 3*m - 2, -2*w - 4 = 2*m. Suppose -3 - 12 = -w*s. Determine n(s).
3
Let p(w) = -w + 37 - 37. Let i(q) = q - 1. Let s(z) = -2*z + 3. Let k be s(2). Let y(f) = k*i(f) + p(f). Calculate y(1).
-1
Let j(f) = 1 + 4*f - 3 + 1 - 2*f. Give j(2).
3
Let m(y) = -y**2 + 6*y - 3. Let l(t) = -t**3 + 15*t**2 + 16*t + 6. Let k be l(16). Give m(k).
-3
Let z(h) = -h - 5. Let o(t) = t. Let j(p) = o(p) - z(p). Calculate j(-4).
-3
Let m(q) = q**3 + q**2 - 4*q + 3. Let j be -1 + 3 + -2 + 5. Let u(g) = g**3 - 6*g**2 + 6*g - 3. Let y be u(j). What is m(y)?
7
Let v(p) = p**3 + 7*p**2 + 6*p - 8. Let x(n) = n - 18. Let y be x(12). Give v(y).
-8
Suppose w = -3*w + 8. Let v(f) = -f**3 + 3*f**2 - 3*f + 2. What is v(w)?
0
Let n(h) = -h + 2*h**2 + 46 - 3*h**2 - 41 - 2*h. Give n(-4).
1
Let c = 76 - 76. Let d(m) = -m**3 + m**2 + 3. Determine d(c).
3
Let o(w) be the first derivative of w**2 + 2*w + 7. Determine o(-3).
-4
Let a = -14 + 23. Let q be (6/a)/((-2)/12). Let j(z) = z**2 + 6*z + 4. Let r be j(q). Let v(k) = k**2 + k - 5. Determine v(r).
7
Let f(q) = q**3 + 4*q**2 + 5. Let w(k) = -k + 1. Let m be w(1). Let t = m - 2. Let p be t + 3 - 6 - -1. What is f(p)?
5
Let f(p) = 14*p**3 + 15*p**2 - 35*p - 13. Let s(k) = -5*k**3 - 5*k**2 + 12*k + 4. Let m(w) = -4*f(w) - 11*s(w). What is m(-6)?
-4
Let y(k) be the first derivative of -3*k**4/2 - k**3/3 - k**2/2 + 17. Calculate y(-1).
6
Let b(p) = -p + 10. Let y be b(5). Let m(h) = -4*h**2 - h + 3 + y*h**2 + 2 + h**3. Calculate m(0).
5
Let u(f) be the third derivative of -f**5/60 - f**4/8 + f**3/3 + 9*f**2. Let q = -3 + -1. What is u(q)?
-2
Let m(k) = -5*k**3 - 5*k**2 - 7*k - 16. Let z(q) = 3*q**3 + 3*q**2 + 4*q + 8. Let p(d) = -4*m(d) - 7*z(d). Suppose -3*j = 3*j. What is p(j)?
8
Let u = 3 - 8. Let p be (-69)/15 - (-2)/u. Let b(r) = -2*r - 7. Give b(p).
3
Let b(y) be the first derivative of -y**3/3 + y**2 + y + 7. Give b(-1).
-2
Let y(z) = -3*z - 6*z**2 + z**3 - 5*z**3 + 6*z**3 - 8 - 3*z**3. Determine y(-6).
10
Let p(r) = r**2 - 2. Let o(a) = 5*a**2 + 4*a - 12. Let d(f) = o(f) - 4*p(f). Calculate d(-6).
8
Let w(p) be the third derivative of 7*p**4/24 - p**3/3 - 3*p**2. Let g(j) = -j + 1. Let i(b) = -10*g(b) - 2*w(b). Calculate i(-5).
14
Let j(h) = -h**3 - 7*h**2 - 5*h + 4. Let t = 6 + 0. Let i = -12 + t. What is j(i)?
-2
Let x(j) be the third derivative of -j**4/24 + 2*j**3/3 - 9*j**2. What is x(3)?
1
Let k(s) = -5*s**2 - 1. Let b be k(-1). Let w = b - -10. Let y(i) be the first derivative of i**2/2 + 3. What is y(w)?
4
Let h(k) be the second derivative of k**5/60 - k**4/24 - k**2/2 + 2*k. Let p(r) be the first derivative of h(r). Calculate p(3).
6
Let r(q) = -2*q**3 + q + 1. Let f = 1 - 1. Suppose f*c - 9 = 3*c. Let j = -4 - c. Calculate r(j).
2
Let k(w) be the third derivative of w**5/60 - w**4/8 - w**3/3 + w**2. Determine k(3).
-2
Let p(m) = -2*m - 3. Let q(k) = -5*k - 5. Let y(w) = -5*p(w) + 3*q(w). Suppose 0 = -2*c - c - 3. Determine y(c).
5
Suppose -6*h + 4 + 2 = 0. Let j(n) be the third derivative of -n**6/24 - n**5/60 - n**4/24 + n**3/6 + n**2. Calculate j(h).
-6
Let z be (1 - 2) + 5 + 1. Suppose 0 = z*j + 3*o + 10, -j + 4*j - o = -6. Let t be (-1 + -2)/(-1 - j). Let l(d) = 4*d + 3. Determine l(t).
-9
Let b(n) = n**3 - 2*n**2 + n + 2. Let r be 2 + -1 - -2 - 1. Determine b(r).
4
Suppose -5*h + 33 = -2*k, 5*h + 0*k = -5*k + 5. Let b(s) = -4*s + 5*s - 5 - h. Determine b(5).
-5
Let b = 12 + -9. Let r(h) = 3 + 3*h**2 - 2*h**2 - b*h + 0*h**2 + 0*h. Calculate r(3).
3
Let t(n) = -n**3 - 5*n**2 - 5*n - 3. Let c be ((-6)/(-5))/((-8)/((-160)/(-6))). Determine t(c).
1
Let i(j) be the second derivative of -j**5/20 - j**4/3 - j**3/3 + j**2 - j. Let z be i(-3). Let m be (3/z)/3 + 4. Let k(w) = w**2 - 2*w + 2. Give k(m).
5
Let t(k) = k**3 - 4*k**2 + 6*k + 4. Let q(u) = -u**3 + 4*u**2 - 5*u - 4. Let r(c) = 3*q(c) + 2*t(c). Give r(3).
-4
Suppose -5*z = -4*z - 3. Let f(c) be the third derivative of 1/60*c**5 + 1/2*c**3 - 5/24*c**4 + 0 + c**2 + 0*c. Determine f(z).
-3
Suppose 3*f = 14 - 2. Suppose 0 = -f*h - j - 5, 2*h + h - 4*j = -18. Let d(z) be the second derivative of -z**5/20 - z**4/6 + z**3/6 + 5*z. Calculate d(h).
-2
Let l(g) = -7*g**2 - g. Let c(s) = -3*s**2. Let w(x) = -5*c(x) + 2*l(x). Suppose j + 0 = 2. What is w(j)?
0
Let k(a) = -a + 3. Let d be -1 + 12/3*1. Give k(d).
0
Let u be (3/6)/((-2)/(-20)). Suppose 2*r - 3*j - 27 = 0, 0 = -j - j - 10. Let i(k) = 0*k + r + 7*k + 4*k**2 - 3*k - k**3. What is i(u)?
1
Let r(d) = -d**2 - 8*d - 3. Let a(m) = m**3 - 4*m**2 + 5*m - 3. Let y be a(3). Suppose 0*l = -y*l - 15. Calculate r(l).
12
Let s(k) = -4*k - 3*k + 2*k + 4*k + 10. Calculate s(6).
4
Let z(k) be the first derivative of 5*k**2/2 + k + 14. What is z(-1)?
-4
Suppose -3 - 2 = 5*l. Let r be l*2 + (8 - 2). Let f(g) = -3*g + 6. Give f(r).
-6
Suppose m - 7 = -4. Let v(w) = 6*w + 3. Let j(z) = 2*z + 1. Let c(h) = -17*j(h) + 6*v(h). Give c(m).
7
Suppose 3*d = -d + 8. Let b(a) = a**3 + a + d*a**3 - 2*a**3 + a**2 - 6. Calculate b(0).
-6
Let y(u) = u**2 + u - 3. Suppose -x = -32 + 22. Suppose 2*c + 3*c + x = a, -5*c + 5*a = -10. Calculate y(c).
3
Let r(u) = -u - 4. Let t(d) = 1. Let n(j) = -r(j) - 3*t(j). Determine n(1).
2
Let k(d) = -d - 14. Let s = -119 + 108. What is k(s)?
-3
Suppose a + i + 0 = -3, 5*i - 27 = a. Let k(x) = x + 15. Let n be k(a). Let m(z) = -z + 7. What is m(n)?
-1
Let d(l) = -l**2 - 7*l + 8. Let x be d(-8). Suppose -5*o + 6*o - 1 = x. Let n(f) = 7*f. Give n(o).
7
Let b = 6 + -2. Let x(k) = 2*k - 4 - 5*k + k + b*k. Calculate x(3).
2
Let k(r) = r. Let x be k(2). Let g(w) = -1 - 3*w + 11*w**2 - 7*w**2 + x - w**3. What is g(3)?
1
Let g(s) = s**3 - 8*s**2 - s + 4. Let l be g(8). Let y(r) be the second derivative of -r**4/12 - 5*r**3/6 + 3*r**2/2 + r. Give y(l).
7
Let l(v) = -2*v - 1 - 5 + 3*v. Let x = 2 + -2. Suppose x = 3*c - 3*d + 9, d - 4 + 1 = -5*c. Calculate l(c).
-6
Let n(f) = f**3 + f**2 - 1. Let t(i) = 3*i**3 + 3*i**2 - 5*i - 3. Let h(l) = 2*n(l) - t(l). Let m(o) = -o. Let r(u) = h(u) + 4*m(u). Calculate r(0).
1
Let t(z) = -2*z**2 - 4*z - 4. Let f(r) = -2*r + 35. Let d be f(19). Give t(d).
-10
Suppose -i = 3*i - 8. Let c(d) be the third derivative of -i*d**2 + 0 + 1/24*d**4 + 1/6*d**3 + 0*d. What is c(-5)?
-4
Let i(c) = c - 1. Let v be i(6). Let w(f) = -f + 6. Calculate w(v).
1
Let x(n) = -3 - 1 + 8*n + 1. Let i(s) = -17*s + 7. Let c(f) = 6*i(f) + 13*x(f). Calculate c(-3).
-3
Let b(n) = 4*n + 3. Let c(m) = -m. Let s(r) = -b(r) - 5*c(r). Determine s(4).
1
Let a(o) = 2*o - 2. Let b(n) = -4*n + 3. Let l be b(2). Let p be 4/10 - (-2)/l. Suppose u + 0 + 3 = p. Give a(u).
-8
Let j(q) = -q**3 - q**2 - 10*q - 1. Let p(d) be the first derivative of d**4/4 + 2*d**3/3 + 9*d**2/2 + 4. Let y(g) = 4*j(g) + 5*p(g). Let n = 0 + -5. Give y(n).
-4
Let h(d) = 2*d**2 - 5*d - 10. Let k be h(5). Let z(t) = k*t**2 + t - 12*t**2 + 1 + 0. What is z(-1)?
3
Let g = 43 - 38. Let p(c) be the third derivative of 0*c + 1/60*c**g + 2*c**2 + 5/6*c**3 - 7/24*c**4 + 0. What is p(5)?
-5
Let q(f) = 9*f**3 + f**2 - f - 1. Suppose 11*t - 15*t - 4 = 0. Let p be q(t). Let n(h) = -h**3 - 9*h**2 - 9*h - 6. Give n(p).
2
Let o(h) be the third derivative of h**4/24 + 3*h**2. Let c = 40 - 21. Suppose 0 = -4*m - 2*r - 2 - 4, -4*m + 3*r = -c. What is o(m)?
1
Let d(t) = -t + 1. Let k be (6/(-2))/((-2)/(-2)). Let h be 4/k*(0 + -3). Suppose 3*q - 16 = -h*p - 2, -19 = -3*q - 5*p. What is d(q)?
3
Let b = -14 - -9. Let a(h) = -h**2 + h. Let z(i) = -4*i**2 - 2*i - 7. Let m(p) = -3*a(p) + z(p). Give m(b).
-7
Let g = -28 - -43. Suppose 5 = -5*z + g. Let v(k) = -4 + k + z - 3. Calculate v(0).
-5
Let t(z) = 5*z**2 + 5. Let g(j) = -5*j**2 - 4. Let c(k) = 6*g(k) + 5*t(k). Give c(-1).
-4
Let m = 5 - 10. Let s = 2 + m. Let r(k) = -3 + k**3 + 4*k - 2*k - 2*k**3 + 0*k - 2*k**2. Give r(s).
0
Let o(x) = -4*x - 6. Let j(h) = -2*h**3 + 19*h**2 - 10*h + 5. Let c be j(9). Give o(c).
10
Suppose -4*d + 10 = -2*d. Let q(r) = r**2 - 5*r - 3. Let x(f) = f**2 - 5*f - 3. Let n(l) = -6*q(l) + 5*x(l). What is n(d)?
3
Let d be 6 + -4 + (-21)/(-7). Let f = 2 - -1. Let z(m) = 5 - 5*m + 2*m**2 - 4*m**2 + f*m**2. What is z(d)?
5
Let x = -2 + 2. Let j(k) be the second derivative of -k**5/20 - k**3/6